tors of s(5)?
5
What are the prime factors of (3 - 92/28) + (-1724)/(-7)?
2, 3, 41
Let n(z) = -22*z**2 - 2*z + 1. Let w be n(1). Let l = w - -30. List the prime factors of l.
7
Let x(j) = -2*j**2 + 465. Let v be x(0). Let l = v + -268. What are the prime factors of l?
197
Let v be (9 - -1)*(-5)/(-10). Suppose -2*s = -v*s. List the prime factors of s + 1 + 1/1.
2
Let z be -2*((-2)/6)/((-8)/(-1548)). Suppose -4*d - d + 105 = 5*f, 4*d - 5*f = z. List the prime factors of d.
2, 13
Suppose 39*f + 1566 - 4335 = 0. What are the prime factors of f?
71
Let x(j) = 2*j + 18. Suppose -5*a - 80 = 5*a. What are the prime factors of x(a)?
2
Let n be (0 - 1)/(-1) - -3. Suppose 0 = -1180*h + 1175*h + 840. Suppose 0*s = -n*s + h. What are the prime factors of s?
2, 3, 7
Suppose 0 = 68*x - 64*x - 2*j - 14214, 2*x + 5*j = 7137. What are the prime factors of x?
2, 7, 127
Suppose 8 = -3*o + 2. Let d(w) = 25*w**2 + 11*w + 5. Let y(n) = -5*n**2 - 2*n - 1. Let j(b) = -2*d(b) - 11*y(b). List the prime factors of j(o).
3, 7
What are the prime factors of (726 + -5)/(-2 + (-56)/(-24))?
3, 7, 103
Let s = -15 + 11. Let o = s - -6. Suppose -3*v + 40 = -b, -5*b + 10 = o*v - 3*v. What are the prime factors of v?
3, 5
List the prime factors of (-16548)/(-35) + 20/(-25).
2, 59
List the prime factors of (225/(-3))/(((-1)/(-1))/(-1)).
3, 5
What are the prime factors of 87 + 10/(-10 + 0)?
2, 43
Suppose 74*i - 6336 = 66*i. What are the prime factors of i?
2, 3, 11
Let d(b) = 3*b**2 - 16*b + 49. Let v be d(5). Suppose 0 = -v*x + 36*x + 496. List the prime factors of x.
2, 31
Let b be -3*(-92)/12*-1*-5. Suppose -b = -6*d + 11. List the prime factors of d.
3, 7
Let d be 29/(-9) + 18/81. Let x(m) = -22*m + 4. Let a be x(d). Suppose -2*p + 29 = h, 0*p = -5*h + 5*p + a. List the prime factors of h.
19
Let z(f) = 113*f + 67. List the prime factors of z(3).
2, 7, 29
Suppose -476*n = -473*n - 105. What are the prime factors of n?
5, 7
Suppose 0 = -23*f - 31*f + 78462. What are the prime factors of f?
1453
Let u(k) = -k**3 - 14*k**2 + 18*k - 7. What are the prime factors of u(-16)?
7, 31
Suppose -4*m - 3*x = 7, -3*m - 10 = 2*m + 4*x. Let i be 3/(-12) + 17/4. Suppose 5*d - 4*b - 11 = 3, i*b + m = -d. List the prime factors of d.
2
Let a(u) = -u**3 + 10*u**2 + 2*u - 3. Suppose 2*m = -3 - 5, 3*b = -3*m + 18. Suppose -3*p = -2*p - b. List the prime factors of a(p).
17
Let b = -3556 + 6020. List the prime factors of b.
2, 7, 11
Let r(p) = 38*p + 19. List the prime factors of r(14).
19, 29
Suppose -4*w + 3*w - 130 = 0. List the prime factors of 113/(w/(-91) + 6/(-14)).
113
Let n(h) = h**3 + 6*h**2 - 6*h + 1. Let v be n(-7). Let g be v/((-27)/6 + 3). Suppose -81 = l - g*l. List the prime factors of l.
3
Suppose -8274 = -18*r - 3*r. What are the prime factors of r?
2, 197
Let c = -6 - -24. Suppose -c = -5*g + 3*v + 1, -3*g = 3*v + 3. Suppose -g*z = 3*b + 3*z - 55, -3*b + 25 = -z. List the prime factors of b.
2, 5
Suppose 0 = -500*t + 496*t + 3632. List the prime factors of t.
2, 227
Suppose -88*j + 92*j - 4*y = 19708, 2*y - 24635 = -5*j. What are the prime factors of j?
13, 379
List the prime factors of -2*(-2229)/12*2.
743
Let w(u) = u - 10. Let d be w(7). Let b be 767/7 + d/(-7). Suppose h + 4*h = b. What are the prime factors of h?
2, 11
Let p(x) = x**3 + 6*x**2 + 5*x + 3. Let k be p(-5). Suppose 2*l - 405 = -k*l. List the prime factors of l.
3
Suppose -448 = -3*m - 22. Let b = 380 - m. List the prime factors of b.
2, 7, 17
Let u = 2 + 0. Suppose -u*q + t + 16 = -39, 3*q = -2*t + 93. Suppose -q = -5*x - a + 3*a, -x + 7 = -a. What are the prime factors of x?
5
Let p(i) = i**2 - 12*i + 11. Let m be p(11). Suppose m = 6*j - 2*j - 4. List the prime factors of 2*j + 19 + -12.
3
Let x be 15/10*34/3. Let c = x + -13. Suppose -c*o + 3*h + 124 = 0, 0 = 5*o + 3*h + 17 - 145. What are the prime factors of o?
2, 7
Suppose 0*a + 5*a - 30 = 0. Suppose -2*k = -a*k + 16. Suppose 3*x - k = 2. What are the prime factors of x?
2
Suppose 10 = j - 5. Let b = 40 - j. What are the prime factors of b?
5
Let g(b) = -154*b + 145. What are the prime factors of g(-8)?
3, 17
Let v(g) = g**2 + g + 2. Let y(d) = -15*d - 30. Let l(q) = 2*v(q) + y(q). List the prime factors of l(-10).
2, 19
Let m be -2*(1 + 1 + -4). Suppose 6*v - m*v - 18 = 0. What are the prime factors of 54/v + 2/(-1)?
2
Suppose -3*t = -u + 2*u - 49, -4*u - 76 = -4*t. Suppose -2*n - t = -3*n. What are the prime factors of n?
17
Suppose -z - 35 = r - 136, -2*r + 8 = 0. List the prime factors of z.
97
Let o = 54 + 600. What are the prime factors of o?
2, 3, 109
Let q(j) = -483*j + 752. List the prime factors of q(-5).
3167
Suppose 987 = 2*p + 243. What are the prime factors of p?
2, 3, 31
Let w(o) = -o**2 + 5*o + 9*o + 2 - 8*o + o**3. What are the prime factors of w(3)?
2, 19
Let b(u) = -u**3 - 19*u**2 + 22*u - 46. What are the prime factors of b(-25)?
2, 19, 83
Let l(d) = 677*d + 218. List the prime factors of l(6).
2, 5, 107
Suppose -q = 2*v + 338, q - 12 = -2*q. Let s = v + 370. What are the prime factors of s?
199
Let d = -15 + 20. Let c = d + 62. List the prime factors of c.
67
Let u(s) = 3*s - 3. Let w be u(-5). Let x(p) = -p**2 - p. Let k be x(3). List the prime factors of (-321)/w - 2/k.
2, 3
Suppose 3*a = 6*a + b + 72, 5*b - 24 = a. Let r be (-4)/5*60/a. Suppose r = -5*j + 147. List the prime factors of j.
29
Let l be (-2)/(6/72639) - (-1 + 3). List the prime factors of l/(-116) + (-3)/4.
2, 13
Let y(g) = g**3 - 13*g**2 - 50*g + 36. Let k be y(16). Let v(o) = o - o**3 + 8*o**2 + 3*o - o**2 - 2. What are the prime factors of v(k)?
2, 31
Suppose 0 = 6*o + 175 + 5. Let m be ((-10)/6)/(25/o). List the prime factors of (-9)/(-3*m/24).
2, 3
Let a = -54 - -95. Suppose -a = -12*i + 13*i. Let t = -27 - i. List the prime factors of t.
2, 7
Let y be 3/(-9) + (-50)/(-15). Suppose -70 = -y*i + 29. List the prime factors of i + 1 + (-4)/2.
2
Suppose -8330 = -34*p + 52428. List the prime factors of p.
1787
Suppose 12 = 2*f + 6. Suppose -f*m - g + 82 = -140, 2*g = -5*m + 370. What are the prime factors of m?
2, 37
Let a = -42 + -250. Let x = a - -532. List the prime factors of x.
2, 3, 5
Let h = 5549 + -2887. List the prime factors of h.
2, 11
Let q = -31 - -61. Let l = q - 26. Suppose 40 = 2*r + 3*o, 4*r + l*o - 80 = -o. List the prime factors of r.
2, 5
Let a(h) be the third derivative of 7*h**4/24 - h**3/3 - 2*h**2. Let c be a(1). Suppose 0 = -3*g + 4*g - c. List the prime factors of g.
5
Suppose 3*h + 2071 = 4*l, -10*h + 12*h = l - 519. List the prime factors of l.
11, 47
Let u(w) = 45*w**3 - 3*w**2 - 3*w + 6. List the prime factors of u(2).
2, 3, 29
List the prime factors of ((-6001)/68 - 2)/((-1)/16).
2, 19
Let s(q) = -2*q - 4. Let d be s(-10). Suppose 4*a + d = 256. Suppose 2*m - a = -8. What are the prime factors of m?
2, 13
Let k = 4 + 13. Suppose -20*l + k*l = -405. List the prime factors of l.
3, 5
List the prime factors of 8/(-14) + (7774/(-7))/(-1).
2, 3, 5, 37
Let r(m) = m + 4. Let k = 0 - -6. Let v be r(k). List the prime factors of (84/9)/(v/15).
2, 7
Suppose -5*s = -4*o + 267, -s + 102 = -5*o + 420. Let z = -12 + o. What are the prime factors of z?
3, 17
Suppose 6*v = 2*v + 28. Let l(u) = -u**2 + 9*u - 2. Let x be l(v). What are the prime factors of x/8*76/3?
2, 19
Let o(j) be the third derivative of -j**7/1260 + 11*j**6/720 - j**5/60 + 4*j**2. Let r(i) be the third derivative of o(i). List the prime factors of r(-8).
43
Suppose c = 4*w - 12024, -2*c - 15023 = -5*w + c. List the prime factors of w.
31, 97
Let k(c) = -36*c + 9. Let s be k(2). Let v = 11 - s. List the prime factors of v.
2, 37
Let j(g) = -83*g - 44. List the prime factors of j(-4).
2, 3
Let q(p) = -26*p + 19. What are the prime factors of q(-3)?
97
Let t = -32 + 34. Suppose -5*z + 3*n = -41 + 14, 3*z + 3*n = 21. What are the prime factors of (t/(-4))/(z/(-444))?
37
Suppose 2*f - 6*b = -3*b + 29, -3 = -4*f - 5*b. Let s = f - 0. Suppose -6*a - 29 = -s*a. What are the prime factors of a?
29
Suppose 0 = -22*u + 24*u. Suppose u = 14*z - 9*z - 110. What are the prime factors of z?
2, 11
Let n be 4/((-4)/1)*7. Let l = n + 10. Suppose 0 = 3*k + 4*r - 11 - 29, -l*r - 21 = -2*k. List the prime factors of k.
2, 3
Let f(w) = w**2 + 6*w - 7. Let o be f(-7). Suppose -85 = -3*s + 2*d + 3*d, s + 2*d